 83219
List the prime factors of 434455.
5, 7, 12413
List the prime factors of 100615.
5, 20123
List the prime factors of 17315.
5, 3463
List the prime factors of 4451.
4451
What are the prime factors of 5097371?
73, 69827
List the prime factors of 10533067.
401, 26267
List the prime factors of 706554.
2, 3, 17, 2309
List the prime factors of 2465265.
3, 5, 11, 67, 223
List the prime factors of 8389181.
23, 364747
What are the prime factors of 643233?
3, 149, 1439
What are the prime factors of 28927582?
2, 59, 245149
List the prime factors of 482389.
257, 1877
List the prime factors of 2564111.
11, 21191
What are the prime factors of 383652?
2, 3, 10657
List the prime factors of 5536551.
3, 43, 167, 257
List the prime factors of 1185971.
17, 69763
List the prime factors of 107964.
2, 3, 2999
List the prime factors of 458711.
11, 17, 223
List the prime factors of 1516134.
2, 3, 71, 3559
What are the prime factors of 919162?
2, 251, 1831
What are the prime factors of 4286858?
2, 199, 10771
What are the prime factors of 6165863?
11, 23, 24371
List the prime factors of 17052447.
3, 5684149
List the prime factors of 202652.
2, 29, 1747
List the prime factors of 1692933.
3, 11, 29, 61
List the prime factors of 6007874.
2, 43, 69859
List the prime factors of 1624049.
7, 232007
What are the prime factors of 5418281?
11, 109, 4519
List the prime factors of 1303618.
2, 651809
What are the prime factors of 5104420?
2, 5, 17, 15013
List the prime factors of 675810.
2, 3, 5, 2503
List the prime factors of 12564720.
2, 3, 5, 7, 277
What are the prime factors of 216320?
2, 5, 13
What are the prime factors of 163678?
2, 81839
List the prime factors of 159378.
2, 3, 101, 263
What are the prime factors of 694484?
2, 7, 17, 1459
What are the prime factors of 28524?
2, 3, 2377
List the prime factors of 2977379.
41, 101, 719
What are the prime factors of 8780570?
2, 5, 71, 83, 149
What are the prime factors of 14399423?
14399423
List the prime factors of 8030005.
5, 101, 15901
List the prime factors of 315453.
3, 71, 1481
What are the prime factors of 336608?
2, 67, 157
What are the prime factors of 7026386?
2, 3513193
What are the prime factors of 270769?
19, 14251
What are the prime factors of 1256066?
2, 7, 1831
List the prime factors of 420118.
2, 23, 9133
What are the prime factors of 9970064?
2, 13, 47933
What are the prime factors of 2443362?
2, 3, 19, 21433
What are the prime factors of 452108?
2, 113027
What are the prime factors of 2371150?
2, 5, 47, 1009
List the prime factors of 3488412.
2, 3, 290701
List the prime factors of 135202.
2, 67601
What are the prime factors of 333395?
5, 131, 509
List the prime factors of 51100.
2, 5, 7, 73
List the prime factors of 118125.
3, 5, 7
What are the prime factors of 1317273?
3, 211, 2081
What are the prime factors of 826470?
2, 3, 5, 3061
List the prime factors of 28738163.
197, 145879
What are the prime factors of 541659?
3, 71, 2543
List the prime factors of 26686.
2, 11, 1213
What are the prime factors of 7527602?
2, 83, 137, 331
What are the prime factors of 9102309?
3, 181, 16763
List the prime factors of 152025.
3, 5, 2027
List the prime factors of 1526889.
3, 7, 13, 17, 47
List the prime factors of 7872998.
2, 7, 562357
What are the prime factors of 9340755?
3, 5, 29, 109, 197
What are the prime factors of 8116011?
3, 300593
What are the prime factors of 2721201?
3, 7, 129581
What are the prime factors of 5054?
2, 7, 19
What are the prime factors of 11508859?
353, 32603
List the prime factors of 16647389.
11, 1513399
List the prime factors of 1253879.
11, 113989
What are the prime factors of 968074?
2, 484037
What are the prime factors of 10342061?
19, 157, 3467
List the prime factors of 236446.
2, 7, 16889
List the prime factors of 8109121.
139, 227, 257
List the prime factors of 7511546.
2, 7, 563, 953
List the prime factors of 15219368.
2, 1902421
List the prime factors of 226846.
2, 101, 1123
List the prime factors of 322431.
3, 31, 3467
List the prime factors of 18247034.
2, 13, 31, 22639
What are the prime factors of 160570?
2, 5, 16057
What are the prime factors of 21668748?
2, 3, 1805729
List the prime factors of 7401373.
7, 59, 17921
List the prime factors of 377841.
3, 29, 43, 101
What are the prime factors of 977525?
5, 61, 641
What are the prime factors of 941072?
2, 11, 5347
What are the prime factors of 525011?
17, 89, 347
What are the prime factors of 5386780?
2, 5, 7, 109, 353
What are the prime factors of 615416?
2, 43, 1789
What are the prime factors of 12921520?
2, 5, 19, 8501
What are the prime factors of 5983661?
5983661
What are the prime factors of 2154880?
2, 5, 7, 13, 37
List the prime factors of 4513046.
2, 107, 21089
List the prime factors of 1876074.
2, 3, 312679
List the prime factors of 7561543.
11, 687413
List the prime factors of 7309812.
2, 3, 107, 5693
What are the prime factors of 736242?
2, 3, 13, 9439
List the prime factors of 1004009.
29, 89, 389
List the prime factors of 156427.
19, 8233
What are the prime factors of 287391?
3, 13, 7369
List the prime factors of 7435447.
47, 158201
List the prime factors of 1606449.
3, 13, 17, 2423
List the prime factors of 24952886.
2, 7, 113, 15773
List the prime factors of 910718.
2, 31, 37, 397
List the prime factors of 7576271.
17, 311, 1433
List the prime factors of 7771096.
2, 971387
What are the prime factors of 2159414?
2, 97, 11131
What are the prime factors of 9847159?
7, 59, 113, 211
What are the prime factors of 20381816?
2, 7, 13, 27997
List the prime factors of 343580.
2, 5, 41, 419
What are the prime factors of 13291398?
2, 3, 101, 2437
What are the prime factors of 1393891?
1393891
What are the prime factors of 6186686?
2, 11, 29, 9697
List the prime factors of 1094351.
167, 6553
List the prime factors of 12236394.
2, 3, 379, 5381
What are the prime factors of 1331101?
491, 2711
What are the prime factors of 114568?
2, 14321
List the prime factors of 2074850.
2, 5, 17, 2441
What are the prime factors of 464902?
2, 232451
List the prime factors of 23889660.
2, 3, 5, 631
List the prime factors of 9287635.
5, 7, 79, 3359
What are the prime factors of 13889527?
17, 97, 8423
What are the prime factors of 4583229?
3, 7, 218249
List the prime factors of 227484.
2, 3, 71, 89
List the prime factors of 7156450.
2, 5, 7, 23, 127
List the prime factors of 5726263.
17, 167, 2017
List the prime factors of 566322.
2, 3, 37, 2551
List the prime factors of 133389.
3, 14821
What are the prime factors of 3600188?
2, 79, 11393
What are the prime factors of 1758052?
2, 211, 2083
List the prime factors of 2227283.
47, 47389
List the prime factors of 295558.
2, 147779
What are the prime factors of 1300643?
41, 31723
List the prime factors of 1352500.
2, 5, 541
What are the prime factors of 752627?
752627
List the prime factors of 136916.
2, 13, 2633
List the prime factors of 36524325.
3, 5, 486991
What are the prime factors of 1650727?
13, 43, 2953
What are the prime factors of 1480889?
193, 7673
What are the prime factors of 297437?
7, 42491
List the prime factors of 4510782.
2, 3, 103, 811
What are the prime factors of 10157322?
2, 3, 7, 59, 4099
What are the prime factors of 12240914?
2, 7, 874351
List the prime factors of 1553804.
2, 7, 211, 263
What are the prime factors of 336612?
2, 3, 28051
List the prime factors of 477407.
7, 9743
List the prime factors of 559075.
5, 11, 19, 107
List the prime factors of 303013.
303013
List the prime factors of 872956.
2, 7, 31177
What are the prime factors of 1067902?
2, 11, 48541
List the prime factors of 3601606.
2, 1800803
What are the prime factors of 876146?
2, 17, 73, 353
List the prime factors of 21543015.
3, 5, 13, 110477
List the prime factors of 11440845.
3, 5, 13, 41, 53
List the prime factors of 5104170.
2, 3, 5, 56713
List the prime factors of 390509.
7, 55787
What are the prime factors of 1203754?
2, 223, 2699
What are the prime factors of 6931?
29, 239
What are the prime factors of 5856218?
2, 19, 154111
List the prime factors of 3392574.
2, 3, 565429
What are the prime factors of 1267529?
1267529
List the prime factors of 7171986.
2, 3, 97, 12323
List the prime factors of 42083.
42083
List the prime factors of 13356999.
3, 1484111
What are the prime factors of 414776?
2, 139,